et b = 592 - 552. Suppose -27 = k - 4*g, -g = -4*k - k - b. Let j(i) = -i**3 - 8*i**2 - 9*i - 3. Give j(k).
11
Let s(g) be the second derivative of -g**7/840 - g**6/180 - g**5/120 + g**4/6 + 65*g**3/6 + 88*g. Let y(o) be the second derivative of s(o). Calculate y(-3).
16
Let w(v) = -2*v**2 + 7*v - 6. Suppose -20*p + 20 = -24*p. Let h(m) = 7*m + 40. Let d be h(p). What is w(d)?
-21
Let t(b) = b**3 - 6*b**2 - b + 8. Let h = -7 - -13. Let g be t(h). Let r(i) be the first derivative of i**4/2 - 2*i**3/3 - i**2/2 - i - 42. Determine r(g).
5
Let y(i) = -i**2 + 6*i + 4. Suppose -425*g = -431*g + 66. Calculate y(g).
-51
Suppose -4*d + 3*t = 49, d + 19*t + 16 = 21*t. Let n(h) be the third derivative of -h**4/24 - h**3/2 - h**2. What is n(d)?
7
Let g(i) be the first derivative of -i**3/3 + 11*i**2/2 - 19*i + 1422. Calculate g(10).
-9
Let i(p) = -37*p**3 + 3*p + 2. Let n be (-3 - (-3 + (-12)/8))*10/(-15). Give i(n).
36
Let r(z) = -z**2 + 7*z + 32. Suppose -429*t - 80 = -437*t. Let v be r(t). Let p(n) = -2*n**2 - 3*n + 3. Give p(v).
-11
Let f(s) = s**2 + 4*s + 1. Let z be f(-2). Let n be (-32)/z*15/10. Suppose 3*q - 4 = -n. Let k(b) = -b**3 - 5*b**2 - 3*b - 1. Determine k(q).
-5
Let i(z) = z**2 + 16*z + 53. Let j be i(-10). Let b(o) = 9*o + 7. Let t(g) = -3*g - 3. Let f(a) = j*t(a) - 2*b(a). Determine f(-8).
-17
Let c(a) = 2 + 2*a + 0*a + 2. Let t(h) = 5*h - 272*h**3 + 543*h**3 + 28 - 272*h**3 + 7*h**2. Let g be t(8). Give c(g).
12
Let a(b) = 2*b**2 - b + 3. Let m(g) = -g**3 + 9*g**2 + 14*g - 20. Let j be m(10). Suppose j = 13*c - 45. Determine a(c).
48
Let m(q) = -2*q**2 - 2*q - 1. Let g(h) = -9*h**2 - 6*h - 5. Let f(t) = -2*g(t) + 10*m(t). Determine f(-5).
-10
Let y(p) = -3 + 8*p**2 + 11*p**2 - 6*p**2 + 3*p - 11*p**2. Let o = -7 - -9. Give y(o).
11
Let m(k) be the second derivative of -k**4/12 - 17*k**3/6 - 33*k**2 - 1111*k. Determine m(-9).
6
Let x(v) be the second derivative of 0 - 1/3*v**3 - 31/2*v**2 + 1/12*v**4 + 4*v. Let l(j) be the first derivative of x(j). Determine l(4).
6
Let f(t) = 2352515*t - t**3 + 3*t**2 + 0*t**3 - 2352516*t + 8. Determine f(4).
-12
Let s = -23409 - -23420. Let u(j) = 10*j - 27. Calculate u(s).
83
Let a(r) = 239*r**2 - r. Let c be a(1). Let x = -246 + c. Let m(j) be the first derivative of -j**4/4 - 7*j**3/3 + 9*j**2/2 + 3*j + 2. Determine m(x).
-5
Let z(s) be the third derivative of 7*s**4/24 - 7*s**3/3 + s**2 - 149. Give z(-12).
-98
Let j(z) = 5*z**2 + 2*z - 5. Suppose 980*u - l + 2 = 983*u, 5*u = 5*l + 30. What is j(u)?
19
Let v(w) = w**2 - 7*w + 4. Let o be -2*4/(-24) - (-320)/(-6). Let l = o - -59. Let j be (l/(-10))/(12/(-120)). Determine v(j).
-2
Let h be 5 + 44/6*(-93)/62. Let a(c) = 2*c**2 - c + 1. Let q(i) = 13*i**2 + 7*i + 22. Let j(l) = h*a(l) + q(l). What is j(-12)?
4
Let x(l) = 3 + l - 14 + 12 - 2 - 3. Determine x(13).
9
Suppose -450*n = -454*n - 1316. Let f = 332 + n. Let o(k) = -k + 4. Calculate o(f).
1
Let w(f) = f + 18. Suppose -102*y + 34*y = 884. Determine w(y).
5
Let n be (1*(-6)/2)/((-384)/512) - -3. Let w(s) = -s + 24. Calculate w(n).
17
Let d(o) = -o. Let r be 216/90 + (-4)/10. Let a(x) = 17 - x**2 + 24 - 48 + r*x**2 + x**3 - 3*x. Let m be a(0). Calculate d(m).
7
Let f(j) = 31*j**2 - 8*j + 8. Let n be f(-1). Let h(s) = 11*s - 520. Calculate h(n).
-3
Let i(x) = x**3 - 9*x**2 + 3*x - 10. Let y(z) = 10*z**2 + 67*z + 51. Let f be y(-6). Give i(f).
17
Let w(z) be the first derivative of -z**2/2 + 13*z + 9. Let h(t) = -7*t - 38. Let f be h(-7). Let x be w(f). Let a(y) = 4*y**2 + 2. What is a(x)?
18
Let b(j) be the first derivative of -29*j**2/2 + 8*j + 2397. What is b(0)?
8
Let m(l) = -5*l - 13. Suppose 0 = 212*v - 27*v - 1090 + 165. Give m(v).
-38
Let b(c) = -c**3 - 6*c**2 - c - 3. Suppose 0 = 5*q - 10*q - 155. Let y = q - -36. Let j(g) = g**2 - 5*g - 6. Let n be j(y). Determine b(n).
3
Suppose -3539 + 3481 = -g - 5*f, 0 = -3*g + 4*f - 54. Let w(c) = c + 2*c - 4*c + 1. Determine w(g).
3
Let o(v) = -v**3 + 104*v**2 - 205*v + 100. Let k be o(102). Let r(x) = 11*x**2 - x - 8. Calculate r(k).
38
Let d(v) = -15*v**3 - 5*v**2 - 18. Let w(s) = 97*s**3 + 30*s**2 + 108. Let f(r) = 13*d(r) + 2*w(r). Determine f(-5).
-18
Let u(c) = -c**3 + 5*c**2 - 6*c + 1. Let t(r) = -256*r - 2044. Let l be t(-8). Calculate u(l).
-7
Let h(p) = 1 - 5374*p**2 + 5*p + 5375*p**2 - 2*p. What is h(-3)?
1
Let k(h) = -3*h + 9. Suppose -3*i = -5*w - 49, 89*i = 91*i - 6. Determine k(w).
33
Let h = 468 - 462. Let q(n) = 0 - n - 9 + 2*n + h. Give q(-3).
-6
Let y = -8 + 0. Let w(b) be the first derivative of -b**5/60 - b**4/3 - 5*b**3/3 + 107*b**2/2 - 165. Let g(f) be the second derivative of w(f). Calculate g(y).
-10
Let w(u) = u**3 - 29*u**2 - 37*u + 214. Let t be w(30). Let a(p) = 1 - 7 + 0 + 4*p - p**2. Determine a(t).
-6
Let v(s) = 52*s + 29. Let j(y) = 116*y + 63. Let f(k) = 4*j(k) - 9*v(k). Suppose 2*d + 8 = 2. What is f(d)?
3
Let s(q) = 1 - 110*q**3 - 13*q**2 + 31*q + 39*q**3 + 33*q**3 + 37*q**3. Calculate s(-15).
-14
Let r be 1*30*(-36)/(-30). Suppose 5*z + r = -z. Let p(y) = 4*y**2 + 2*y - 6. Let b(o) = 5*o**2 + o - 6. Let f(i) = -3*b(i) + 4*p(i). Calculate f(z).
0
Let y(m) = 262*m**2 + 8*m - 8. Let s(b) = -33*b**2 - b + 1. Let f(l) = -24*s(l) - 3*y(l). Let z be (-1 + 2)*(0 - -1). Calculate f(z).
6
Let u(h) = 23*h**2 - 5*h + 13. Let b(a) = 157 + 158 - 2*a + 37*a**2 - 6*a - 295. Let k(c) = 5*b(c) - 8*u(c). Determine k(5).
21
Suppose -6*i + 19*i = -117. Let v(p) = p + 1. Let l(c) = 8*c + 11. Let m(u) = -l(u) + 6*v(u). Let a(q) = q + 4. Let n(x) = 3*a(x) + 2*m(x). Determine n(i).
11
Let f(v) = -v**3 - 5*v**2 + 11*v - 7. Suppose 4*h + 22 = -r, 0 = -2*r + 26 - 14. What is f(h)?
14
Let k be (8 - 23 - -5)*(-15)/(165/11). Let g(p) = 5*p + 11. Let z(s) = -3*s - 6. Let f(x) = -4*g(x) - 7*z(x). Calculate f(k).
8
Let z(l) = -11*l + 17. Let c(m) = -5*m + 8. Let y(u) = -5*c(u) + 2*z(u). Suppose 3891 - 1982 = 12*q + 1981. Give y(q).
-24
Let d(h) = -h**2 - 3*h + 7. Let l(c) = 3*c**2 + 26*c - 15. Let p be l(-11). Let s = p + -69. Let o be s*((-16)/14 + 2). Calculate d(o).
-11
Suppose 319 = 3*u + u - 3*n, 5*u - 396 = n. Let z = 83 - u. Let h(w) be the second derivative of -w**5/20 + w**4/3 - w**3/2 + 2*w**2 + 3*w. What is h(z)?
-8
Let s(d) = -23*d - 13. Let v(x) = 11*x + 6. Let u = 40 - 44. Let r be u/(-7) - (-18)/(-7). Let j(y) = r*s(y) - 5*v(y). Calculate j(-3).
23
Let y(i) = -i**3 - i**2 + 8*i + 3. Suppose -738*f + 812*f + 222 = 0. Give y(f).
-3
Let x(m) = m**2 + 10*m + 3. Let u(l) = 22 + 66 + 20 + 20*l. Let s be u(-6). What is x(s)?
27
Let l(g) = g**2 + 2*g + 7. Let t(w) = 3*w**2 + 5*w + 23. Let f(v) = -7*l(v) + 2*t(v). Let u(n) = -n**2 - 4*n - 3. Let d(p) = -3*f(p) + 2*u(p). Determine d(-6).
15
Let w = 48 + 9. Let x = w - 47. Let y be x/55 - (-4)/(-22). Let p(f) = -f - 4. Give p(y).
-4
Let l(b) = -5*b - 1. Suppose -k = 5*f + 1, 2*k + f - 19 = -3*k. Let m be (-7 - (-18)/3) + 1*k. Suppose -6*q = -m*q + 3. Determine l(q).
4
Let i(k) = k + 4. Let r be i(4). Let n(m) = 3*m**2 + 11*m - 10. Let v(l) = 11*l**2 + 34*l - 33. Let y(x) = 7*n(x) - 2*v(x). Calculate y(r).
4
Let r(b) be the second derivative of -b**4/12 + 5*b**3/6 + 67*b**2/2 + 3077*b. What is r(11)?
1
Let r(f) = -12*f**2 + 2 - 4*f + 3 - f**3 + 5 - 4 - 13*f. What is r(-10)?
-24
Let v(m) = 8*m**3 + m**2 - 2*m + 1. Suppose 1694 = -15*f + f. Let z = f + 122. Determine v(z).
8
Let b(w) = 16 + 8*w - 6*w**2 + 7*w**2 - 6*w - w + 9*w. Give b(-5).
-9
Let c(g) = g**3 + 5*g**2 - g - 3. Let d be (-297)/4 - 2/(-8). Let h = -2387 + 2456. Let q = d + h. Calculate c(q).
2
Let f be (-82)/(-82) - (-2 - -5). Let y(q) = q**3 + q**2. What is y(f)?
-4
Let f(u) be the second derivative of u**3/3 + 31*u**2 + 467*u. Give f(-31).
0
Let x be 23/(-46) + 7/2. Suppose 4*y = -x*c + y - 15, 3 = -3*c + y. Let w(t) = 10*t + 2. Determine w(c).
-18
Let y(h) be the second derivative of h**4/12 + 3*h**3/2 - 5*h**2 - 23*h. Let a = 6724 + -6731. Calculate y(a).
-24
Let t(m) = m**3 + 4*m**2 + 6*m - 3. Let d(q) = 4*q**3 + 16*q**2 + 26*q - 12. Let z(g) = 2*d(g) - 9*t(g). Calculate z(-3).
0
Let a(u) = -u**2 + u. Let h(j) = 4*j - 51. Let c be (-1 + (-23)/(-3))*(-99)/(-55). Let m be h(c). Give a(m).
-12
Let v be 12/((-1)/(-1))*(12 + -27). Let j = v + 171. Let n(x) = -3*x**2 - 11*x + 1. Let d(r) = -r**2 - r + 1. Let z(g) = -2*d(g) + n(